4?
40213310
In base 16, what is -9d + 2baf6?
2ba59
In base 10, what is -1016992 - 177?
-1017169
In base 16, what is -4cb9 + -1?
-4cba
In base 6, what is -10305123 + -24?
-10305151
In base 13, what is 1ab + 4c4257?
4c4435
In base 11, what is 285a + -310?
254a
In base 16, what is 29 - -17c2b?
17c54
In base 3, what is 200200111 - -110110?
201010221
In base 16, what is c06fd - b?
c06f2
In base 10, what is -49318848 - 1?
-49318849
In base 12, what is -36 + -5047a3?
-504819
In base 15, what is 2 + -acb2810?
-acb280d
In base 5, what is -11100203110 - 21?
-11100203131
In base 8, what is -164701751 - 11?
-164701762
In base 10, what is -59 + 323054?
322995
In base 13, what is -53a908 + 18?
-53a8c0
In base 4, what is -103302 - -1030210?
320302
In base 15, what is -c2 - -3c12c?
3c05a
In base 10, what is -6208884 + 0?
-6208884
In base 8, what is -1 + 54275766?
54275765
In base 16, what is 834 + 4275?
4aa9
In base 8, what is 1262 + 1050007?
1051271
In base 7, what is 446 + 500250?
501026
In base 8, what is 542771 + 326?
543317
In base 3, what is -11101 - -2111022201221?
2111022120120
In base 14, what is 3a95 - 15da?
2499
In base 15, what is -1536207 - 7?
-153620e
In base 7, what is 2154136365 + 1?
2154136366
In base 7, what is 204 + 34430401?
34430605
In base 4, what is 321 + 233320220?
233321201
In base 14, what is 8 - 3c3d24?
-3c3d1a
In base 16, what is -10a - -6a463?
6a359
In base 12, what is -bb7580 + 19?
-bb7563
In base 4, what is -3200003110 - 2?
-3200003112
In base 13, what is -861 - -8c87?
8426
In base 5, what is -130134 - -113241?
-11343
In base 2, what is -11 - 100100100100?
-100100100111
In base 6, what is 5 - 1404523541?
-1404523532
In base 8, what is 26715 + 60063?
107000
In base 14, what is b93 + -23a4?
-1611
In base 11, what is 224a6 - -122?
22618
In base 11, what is -244a614 + 271?
-244a353
In base 3, what is 1011212000020 + -200?
1011211222120
In base 3, what is 102121011102220220 + -11?
102121011102220202
In base 16, what is -31a8 - cd8?
-3e80
In base 10, what is -5681789 + 4?
-5681785
In base 15, what is 307 - -9ab58?
9ae60
In base 10, what is -4279849 + 320?
-4279529
In base 5, what is -411212 - 30343?
-442110
In base 3, what is 1001 - -20111121101112?
20111121102120
In base 3, what is 1001 - -10200112212021?
10200112220022
In base 5, what is 2332322 - -1311?
2334133
In base 13, what is -12 + 16acbb?
16aca9
In base 12, what is 68864a33 - 1?
68864a32
In base 15, what is 263d - 1698?
e95
In base 15, what is 3bbe53 + -26?
3bbe2c
In base 5, what is 24101 - -23121?
102222
In base 11, what is 2923927 - 5?
2923922
In base 8, what is 247376002 - 2?
247376000
In base 16, what is 95 + -4a33c?
-4a2a7
In base 5, what is 30 - -11432033?
11432113
In base 3, what is -1 + 12202112121101?
12202112121100
In base 3, what is 11110 - -111011011101?
111011022211
In base 4, what is -103010022003201 + -2?
-103010022003203
In base 14, what is -218252 + -d7?
-218349
In base 14, what is -5 + -27d1a8?
-27d1ad
In base 6, what is -11312234 - 214?
-11312452
In base 6, what is -143 + -234142?
-234325
In base 8, what is 5 - 7012143?
-7012136
In base 4, what is -1220213133 - 30213?
-1220310012
In base 8, what is 11003603 - 27?
11003554
In base 2, what is 10 - -1100111111110010?
1100111111110100
In base 2, what is 11 + 101001110100111100101111001?
101001110100111100101111100
In base 13, what is 1046140 - 9?
1046134
In base 4, what is -11 + -31302111010?
-31302111021
In base 3, what is -2 - 102202011022220?
-102202011022222
In base 13, what is 2bc42 + 1343?
30285
In base 6, what is 3 - 5420331351?
-5420331344
In base 3, what is -210102022 + 12222020?
-120110002
In base 4, what is 3 - -20133120233020?
20133120233023
In base 11, what is 31 + -133206?
-133185
In base 11, what is 549 + 13719?
14167
In base 9, what is -83105 + -330?
-83435
In base 13, what is -ab7 - 17836?
-18620
In base 2, what is 11110010100 - 100111111101010?
-100100001010110
In base 6, what is -422114 + 543?
-421131
In base 14, what is -823 + -35c38?
-3665b
In base 5, what is -40013 - 1044410?
-1134423
In base 14, what is -779807 + -3c?
-779845
In base 7, what is 5520 - -6443?
15263
In base 5, what is -101043432 - 20203?
-101114140
In base 9, what is -42767187 + 14?
-42767173
In base 11, what is -236a431a - 0?
-236a431a
In base 16, what is -1fc - -ac69b?
ac49f
In base 3, what is -21022102 - 10220001?
-102012110
In base 11, what is 4 + -3175a?
-31756
In base 9, what is 83 + 13148?
13242
In base 7, what is 5 - 16446422?
-16446414
In base 9, what is 138 - 6101?
-5852
In base 15, what is -332339 + -8?
-332342
In base 13, what is 1 - 1300178?
-1300177
In base 16, what is -3eefeec + -2?
-3eefeee
In base 11, what is 167754 + 7?
167760
In base 3, what is -200 - 1100220002201?
-1100220010101
In base 11, what is -3857 + -4a77?
-8823
In base 2, what is 100 - 1101111100001001101?
-1101111100001001001
In base 4, what is -1233003313 - -1330?
-1233001323
In base 6, what is -553241 - 2252?
-555533
In base 6, what is -504351 - -23503?
-440444
In base 3, what is 2 - -222201110020200?
222201110020202
In base 15, what is -3 - 3ea5a8?
-3ea5ab
In base 2, what is -1 + 10011111100000001111000?
10011111100000001110111
In base 3, what is 1221011102101 + -121021?
1221010211010
In base 15, what is 1 + -288827?
-288826
In base 16, what is 12809 - -92?
1289b
In base 10, what is -3092710 - 6?
-3092716
In base 3, what is -102221211121 + 12211?
-102221121210
In base 9, what is -6 - 21321116?
-21321123
In base 7, what is -206 + -502052?
-502261
In base 3, what is -1 - -111211012220221?
111211012220220
In base 3, what is 22221021000021 + 1021?
22221021001112
In base 5, what is 1021242300 - -11?
1021242311
In base 7, what is 366466655 + 0?
366466655
In base 15, what is 4 - 1907132?
-190712d
In base 5, what is -14112301420 - 1?
-14112301421
In base 16, what is 322 - -712?
a34
In base 14, what is -172bd7 - 8d?
-172c86
In base 8, what is -14577 + -166136?
-202735
In base 15, what is -2a - 14b63?
-14b8d
In base 14, what is 7c + 17dbb8?
17dc56
In base 10, what is 88 - 1326724?
-1326636
In base 13, what is -2304 - 692?
-2996
In base 14, what is -a9c827 - 8?
-a9c831
In base 10, what is 353120 - 11?
353109
In base 13, what is a61c4 + -36?
a618b
In base 9, what is -38831282 + -1?
-38831283
In base 6, what is 1210140343 - 11?
1210140332
In base 13, what is -3 + -57549a5?
-57549a8
In base 16, what is 2 + 11e2faf?
11e2fb1
In base 11, what is 319a0 + -585?
31416
In base 13, what is -60094 - 64?
-60128
In base 2, what is 11001001101011 + 11011000010?
11100100101101
In base 13, what is 696c7 - -65?
6975c
In base 10, what is -260 - 5453847?
-5454107
In base 13, what is 2290895a + 0?
2290895a
In base 6, what is -5342044255 + -1?
-5342044300
In base 11, what is 10a600 + 115?
10a715
In base 9, what is 6835 + -4462?
2363
In base 12, what is -15148692 + 5?
-15148689
In base 10, what is 19 - 9584?
-9565
In base 14, what is dca3 + a9d?
10962
In base 3, what is 112220201010 - 110?
112220200200
In base 11, what is -1363a - 3350?
-1698a
In base 9, what is 167231818 + -2?
167231816
In base 2, what is -1011101000 - 11110111?
-1111011111
In base 6, what is 22 + -3245053?
-3245031
In base 16, what is -de9a47 + 1?
-de9a46
In base 16, what is 47 + 4a07b4?
4a07fb
In base 5, what is -222014432 + -121?
-222020103
In base 5, what is 143301110 - -2041?
143303201
In base 5, what is 2123 + 101132201?
101134324
In base 3, what is 10102021011220 + -200?
10102021011020
In base 11, what is 1 + -1a554766?
-1a554765
In base 4, what is -111002200013030 - -3?
-111002200013021
In base 15, what is 2 - -1bd00d8?
1bd00da
In base 13, what is 1 - -873341?
873342
In base 4, what is -2 - 1113130023020?
-1113130023022
In base 12, what is 12b - -99849?
99978
In base 2, what is -101 + 10011110001000101001001101?
10011110001000101001001000
In base 12, what is -4174 + 12b8?
-2a78
In base 7, what is -2505630 - 552?
-2506512
In base 16, what is 7f80 - -f78?
8ef8
In base 5, what is -411133442 + 10?
-411133432
In base 15, what is e4 + 6da?
7ce
In base 8, what is 62011755 + 3?
62011760
In base 9, what is -18702 - -57127?
37325
In base 4, what is 201331231313 - 10?
201331231303
In base 2, what is -1000011 + -10010000101011101?
-10010000110100000
In base 3, what is 12210120111 + -10100101?
12200020010
I